{"id":675,"date":"2018-02-14T21:09:09","date_gmt":"2018-02-14T21:09:09","guid":{"rendered":"http:\/\/sergiosachicompositor.com\/?page_id=675"},"modified":"2020-01-21T14:56:20","modified_gmt":"2020-01-21T14:56:20","slug":"canal-no-youtube","status":"publish","type":"page","link":"http:\/\/sergiosachicompositor.com\/?page_id=675","title":{"rendered":"No YOUTUBE"},"content":{"rendered":"<p>Nenhum Artista Independente, como \u00e9 o caso de SERGIO SACHI, pode dispensar o apoio de pessoas que, como voc\u00ea que est\u00e1 visitando este Site, interessam-se pelas produ\u00e7\u00f5es musicais que trazem a rara marca da qualidade. \u00c9 indispens\u00e1vel que uma ferramenta de divulga\u00e7\u00e3o de trabalhos musicais, como o Youtube, sejam valorizadas.<\/p>\n<p style=\"text-align: center;\"><a href=\"https:\/\/www.youtube.com\/user\/sergiosachi\" target=\"_blank\" rel=\"noopener\">ENT\u00c3O CLIQUE AQU\u00cd E VENHA INSCREVER-SE NO CANAL DE SERGIO SACHI<\/a><\/p>\n<p style=\"text-align: center;\">E receba notifica\u00e7\u00f5es quando novos v\u00eddeos forem publicados pelo Compositor.<\/p>\n<p>&nbsp;<\/p>\n<p style=\"text-align: center;\"><em>E N\u00c3O DEIXE DE DIVULG\u00c1-LO PARA OS AMIGOS.<\/em><\/p>\n<p><img loading=\"lazy\" class=\"size-full wp-image-6 aligncenter\" src=\"http:\/\/sergiosachicompositor.com\/wp-content\/uploads\/2016\/07\/sergiosachi2.jpg\" alt=\"\" width=\"2048\" height=\"1536\" srcset=\"http:\/\/sergiosachicompositor.com\/wp-content\/uploads\/2016\/07\/sergiosachi2.jpg 2048w, http:\/\/sergiosachicompositor.com\/wp-content\/uploads\/2016\/07\/sergiosachi2-90x68.jpg 90w, http:\/\/sergiosachicompositor.com\/wp-content\/uploads\/2016\/07\/sergiosachi2-300x225.jpg 300w, http:\/\/sergiosachicompositor.com\/wp-content\/uploads\/2016\/07\/sergiosachi2-768x576.jpg 768w, http:\/\/sergiosachicompositor.com\/wp-content\/uploads\/2016\/07\/sergiosachi2-1024x768.jpg 1024w\" sizes=\"(max-width: 2048px) 100vw, 2048px\" \/><\/p>\n","protected":false},"excerpt":{"rendered":"<p>Nenhum Artista Independente, como \u00e9 o caso de SERGIO SACHI, pode dispensar o apoio de pessoas que, como <a class=\"read-more\" href=\"http:\/\/sergiosachicompositor.com\/?page_id=675\">&#8230; Read more<\/a><\/p>\n","protected":false},"author":1,"featured_media":0,"parent":932,"menu_order":3,"comment_status":"closed","ping_status":"closed","template":"","meta":[],"_links":{"self":[{"href":"http:\/\/sergiosachicompositor.com\/index.php?rest_route=\/wp\/v2\/pages\/675"}],"collection":[{"href":"http:\/\/sergiosachicompositor.com\/index.php?rest_route=\/wp\/v2\/pages"}],"about":[{"href":"http:\/\/sergiosachicompositor.com\/index.php?rest_route=\/wp\/v2\/types\/page"}],"author":[{"embeddable":true,"href":"http:\/\/sergiosachicompositor.com\/index.php?rest_route=\/wp\/v2\/users\/1"}],"replies":[{"embeddable":true,"href":"http:\/\/sergiosachicompositor.com\/index.php?rest_route=%2Fwp%2Fv2%2Fcomments&post=675"}],"version-history":[{"count":7,"href":"http:\/\/sergiosachicompositor.com\/index.php?rest_route=\/wp\/v2\/pages\/675\/revisions"}],"predecessor-version":[{"id":931,"href":"http:\/\/sergiosachicompositor.com\/index.php?rest_route=\/wp\/v2\/pages\/675\/revisions\/931"}],"up":[{"embeddable":true,"href":"http:\/\/sergiosachicompositor.com\/index.php?rest_route=\/wp\/v2\/pages\/932"}],"wp:attachment":[{"href":"http:\/\/sergiosachicompositor.com\/index.php?rest_route=%2Fwp%2Fv2%2Fmedia&parent=675"}],"curies":[{"name":"wp","href":"https:\/\/api.w.org\/{rel}","templated":true}]}}