{"id":688,"date":"2018-02-16T20:06:42","date_gmt":"2018-02-16T20:06:42","guid":{"rendered":"http:\/\/sergiosachicompositor.com\/?page_id=688"},"modified":"2020-01-21T14:58:38","modified_gmt":"2020-01-21T14:58:38","slug":"no-spotify","status":"publish","type":"page","link":"http:\/\/sergiosachicompositor.com\/?page_id=688","title":{"rendered":"No SPOTIFY"},"content":{"rendered":"<p style=\"text-align: left;\"><strong>VENHA SEGUIR SERGIO SACHI NO SPOTIFY<\/strong><\/p>\n<p><iframe loading=\"lazy\" style=\"border: none; overflow: hidden;\" src=\"https:\/\/open.spotify.com\/follow\/1\/?uri=spotify:artist:4owL5YGsLUYks6RaSBReJc&amp;size=detail&amp;theme=dark\" width=\"300\" height=\"56\" frameborder=\"0\" scrolling=\"no\"><\/iframe><\/p>\n<p>As formas de acesso \u00e0 m\u00fasica transformou-se radical e vertiginosamente, e em pouqu\u00edssimo tempo. Enquanto em outros tempos, bem recentes, ouvir m\u00fasica exigia uma vitrola (para os discos de vinil), um aparelho de CD (para os CDs) ou um r\u00e1dio AM\/FM (ouvindo-se obrigatoriamente as faixas selecionadas por programadores), a tecnologia proporciona nos dias atuais possibilidades antes impens\u00e1veis. E em decorr\u00eancia dessas novas possibilidades que a tecnologia oferece, surgiram as plataformas digitais, onde o usu\u00e1rio pode adquirir can\u00e7\u00f5es via downloads (como a ITunes ou a Apple Music) ou, simplesmente, selecionar Playlists de acordo com seu gosto musical, pagando por essa ferramenta um valor mensal praticamente simb\u00f3lico. S\u00e3o as chamadas plataformas de &#8220;Streamming&#8221;, sendo a principal delas a Spotify. E artistas independentes, como Sergio Sachi, encontram possibilidades antes inimagin\u00e1veis para a distribui\u00e7\u00e3o de suas m\u00fasicas. O Spotify \u00e9 um grande parceiro dos artistas independentes, pois possibilita que estes recebam uma fatia do faturamento da plataforma, a t\u00edtulo de &#8220;parceria&#8221;. Por isso, quanto maior o n\u00famero de audi\u00e7\u00f5es de sua m\u00fasica, maior o faturamento do artista, o que lhe possibilita sustentar seu trabalho e investir em novas produ\u00e7\u00f5es.<\/p>\n<p>Sergio Sachi est\u00e1 tamb\u00e9m no Spotify. Venha fortalecer seu trabalho, ouvindo nessa plataforma suas can\u00e7\u00f5es e incluindo-as em suas playlists. Se voc\u00ea ainda n\u00e3o tem conta nessa plataforma, abi-la \u00e9 bastante simples, cadastrando-se apenas nome, email e senha. H\u00e1 nessa plataforma a op\u00e7\u00e3o de uso GRATUITO. Confira!<\/p>\n<p>&nbsp;<\/p>\n<p>&nbsp;<\/p>\n","protected":false},"excerpt":{"rendered":"<p>VENHA SEGUIR SERGIO SACHI NO SPOTIFY As formas de acesso \u00e0 m\u00fasica transformou-se radical e vertiginosamente, e em <a class=\"read-more\" href=\"http:\/\/sergiosachicompositor.com\/?page_id=688\">&#8230; Read more<\/a><\/p>\n","protected":false},"author":1,"featured_media":0,"parent":932,"menu_order":4,"comment_status":"closed","ping_status":"closed","template":"","meta":[],"_links":{"self":[{"href":"http:\/\/sergiosachicompositor.com\/index.php?rest_route=\/wp\/v2\/pages\/688"}],"collection":[{"href":"http:\/\/sergiosachicompositor.com\/index.php?rest_route=\/wp\/v2\/pages"}],"about":[{"href":"http:\/\/sergiosachicompositor.com\/index.php?rest_route=\/wp\/v2\/types\/page"}],"author":[{"embeddable":true,"href":"http:\/\/sergiosachicompositor.com\/index.php?rest_route=\/wp\/v2\/users\/1"}],"replies":[{"embeddable":true,"href":"http:\/\/sergiosachicompositor.com\/index.php?rest_route=%2Fwp%2Fv2%2Fcomments&post=688"}],"version-history":[{"count":7,"href":"http:\/\/sergiosachicompositor.com\/index.php?rest_route=\/wp\/v2\/pages\/688\/revisions"}],"predecessor-version":[{"id":692,"href":"http:\/\/sergiosachicompositor.com\/index.php?rest_route=\/wp\/v2\/pages\/688\/revisions\/692"}],"up":[{"embeddable":true,"href":"http:\/\/sergiosachicompositor.com\/index.php?rest_route=\/wp\/v2\/pages\/932"}],"wp:attachment":[{"href":"http:\/\/sergiosachicompositor.com\/index.php?rest_route=%2Fwp%2Fv2%2Fmedia&parent=688"}],"curies":[{"name":"wp","href":"https:\/\/api.w.org\/{rel}","templated":true}]}}