{"id":712,"date":"2018-02-22T18:44:46","date_gmt":"2018-02-22T18:44:46","guid":{"rendered":"http:\/\/sergiosachicompositor.com\/?page_id=712"},"modified":"2018-09-14T19:53:46","modified_gmt":"2018-09-14T19:53:46","slug":"com-grupo-bolinho-de-carne-com-berinjela","status":"publish","type":"page","link":"http:\/\/sergiosachicompositor.com\/?page_id=712","title":{"rendered":"*Com Grupo BOLINHO DE CARNE COM BERINJELA"},"content":{"rendered":"<p>Sergio Sachi \u00e9 co-fundador do grupo musical &#8220;Bolinho de Carne com Berinjela!. Grende sucesso, esse conjunto musical marcou \u00e9poca no per\u00edodo em que atuou, apesar da sua pequena discografia &#8211; 1 compacto duplo (vinil), 1 LP (vinil) e 1 CD. Veja abaixo algumas das letras de can\u00e7\u00f5es que fazem parte desse pequeno acervo.<\/p>\n<p style=\"text-align: center;\"><em>Antes, deixe seus dados no formul\u00e1rio abaixo e ganhe, inteiramente GR\u00c1TIS, o EBook com as letras de todas as can\u00e7\u00f5es do \u00c1lbum &#8220;20 SUCESSOS&#8221; de Sergio Sachi:<\/em><\/p>\n<div class=\"AW-Form-2056889287\"><\/div>\n<p><script type=\"text\/javascript\">(function(d, s, id) {\n    var js, fjs = d.getElementsByTagName(s)[0];\n    if (d.getElementById(id)) return;\n    js = d.createElement(s); js.id = id;\n    js.src = \"\/\/forms.aweber.com\/form\/87\/2056889287.js\";\n    fjs.parentNode.insertBefore(js, fjs);\n    }(document, \"script\", \"aweber-wjs-jw0ux9yq8\"));\n<\/script><\/p>\n<p style=\"text-align: center;\"><strong>&#8220;O DESAFIO DE T\u00c9RCIO &amp; LUP\u00c9RCIO&#8221;<\/strong><\/p>\n<p style=\"text-align: center;\">(Do \u00c1lbum &#8220;O RETORNO DOS N\u00c1UFRAGOS&#8221; (Esgotado)<\/p>\n<p style=\"text-align: center;\"><em><a href=\"http:\/\/sergiosachicompositor.com\/?p=920\" target=\"_blank\" rel=\"noopener\">ACESSE AQU\u00cd A LETRA DESTA M\u00daSICA E O LINK PARA O CLIPE NO YOUTUBE<\/a><\/em><\/p>\n<p><img loading=\"lazy\" class=\"size-medium wp-image-922 aligncenter\" src=\"http:\/\/sergiosachicompositor.com\/wp-content\/uploads\/2018\/09\/desafio5-256x300.jpg\" alt=\"\" width=\"256\" height=\"300\" \/><\/p>\n<p style=\"text-align: center;\"><strong>&#8220;A ALMA N\u00c3O&#8221;<\/strong><\/p>\n<p style=\"text-align: center;\">Do \u00c1lbum &#8220;O RETORNO DOS N\u00c1UFRAGOS&#8221; (Esgotado)<\/p>\n<p style=\"text-align: center;\"><a href=\"http:\/\/sergiosachicompositor.com\/?p=912\"><em>CLIQUE E ACESSE A LETRA DE &#8220;A ALMA N\u00c3O&#8221; E O LINK PARA O CLIPE<\/em><\/a><\/p>\n<p><img loading=\"lazy\" class=\"size-full wp-image-911 aligncenter\" src=\"http:\/\/sergiosachicompositor.com\/wp-content\/uploads\/2018\/08\/ALMA11.png\" alt=\"\" width=\"198\" height=\"255\" \/><\/p>\n<p style=\"text-align: center;\"><strong>&#8220;O RETORNO DOS N\u00c1UFRAGOS&#8221;<\/strong><\/p>\n<p style=\"text-align: center;\">Faixa-T\u00edtulo do \u00c1lbum &#8220;O Retorno dos N\u00e1ufragos&#8221; (Esgotado)<\/p>\n<p style=\"text-align: center;\"><em><a href=\"http:\/\/sergiosachicompositor.com\/?p=894\">AQU\u00cd A LETRA DE &#8220;O RETORNO DOS N\u00c1UFRAGOS&#8221; E O LINK PARA O CLIPE<\/a><\/em><\/p>\n<p><img loading=\"lazy\" class=\"size-medium wp-image-50 aligncenter\" src=\"http:\/\/sergiosachicompositor.com\/wp-content\/uploads\/2016\/08\/bolinho5-300x295.jpg\" alt=\"\" width=\"300\" height=\"295\" \/><\/p>\n<p style=\"text-align: center;\"><strong>&#8220;DESCOBERTA&#8221;<\/strong><\/p>\n<p style=\"text-align: center;\">Do \u00c1lbum (Vinil) &#8220;TUDO&#8221; (Esgotado)<\/p>\n<p><em><a href=\"http:\/\/sergiosachicompositor.com\/?p=889\">AQU\u00cd A LETRA DE &#8220;DESCOBERTA&#8221; E O LINK PARA O CLIPE NO yOUTUBE<\/a><\/em><\/p>\n<p><img loading=\"lazy\" class=\"size-medium wp-image-888 aligncenter\" src=\"http:\/\/sergiosachicompositor.com\/wp-content\/uploads\/2018\/08\/descoberta-300x195.png\" alt=\"\" width=\"300\" height=\"195\" srcset=\"http:\/\/sergiosachicompositor.com\/wp-content\/uploads\/2018\/08\/descoberta-300x195.png 300w, http:\/\/sergiosachicompositor.com\/wp-content\/uploads\/2018\/08\/descoberta-768x500.png 768w, http:\/\/sergiosachicompositor.com\/wp-content\/uploads\/2018\/08\/descoberta-1024x667.png 1024w, http:\/\/sergiosachicompositor.com\/wp-content\/uploads\/2018\/08\/descoberta.png 1685w\" sizes=\"(max-width: 300px) 100vw, 300px\" \/><\/p>\n<p style=\"text-align: center;\"><strong>&#8220;NEM MORTO&#8221;<\/strong><\/p>\n<p style=\"text-align: center;\">Do \u00c1lbum &#8220;O RETORNO DOS N\u00c1UFRAGOS&#8221; (Esgotado)<\/p>\n<p style=\"text-align: center;\"><a href=\"http:\/\/sergiosachicompositor.com\/?p=881\"><em>ACESSE AQU\u00cd A LETRA DESTA M\u00daSICA E O LINK PARA O CLIPE NO YOUTUBE<\/em><\/a><\/p>\n<figure id=\"attachment_880\" aria-describedby=\"caption-attachment-880\" style=\"width: 205px\" class=\"wp-caption aligncenter\"><img loading=\"lazy\" class=\"size-medium wp-image-880\" src=\"http:\/\/sergiosachicompositor.com\/wp-content\/uploads\/2018\/08\/NEM9-205x300.jpg\" alt=\"\" width=\"205\" height=\"300\" srcset=\"http:\/\/sergiosachicompositor.com\/wp-content\/uploads\/2018\/08\/NEM9-205x300.jpg 205w, http:\/\/sergiosachicompositor.com\/wp-content\/uploads\/2018\/08\/NEM9.jpg 650w\" sizes=\"(max-width: 205px) 100vw, 205px\" \/><figcaption id=\"caption-attachment-880\" class=\"wp-caption-text\">T\u00c1 LOCO, MEU! NEM MORTO!<\/figcaption><\/figure>\n<p style=\"text-align: center;\"><strong>&#8220;BOLINHO DE CARNE COM BERINJELA&#8221;<\/strong><\/p>\n<p style=\"text-align: center;\">(Do \u00c1lbum &#8220;O RETORNO DOS N\u00c1UFRAGOS&#8221; (esgotado)<\/p>\n<p style=\"text-align: center;\"><a href=\"http:\/\/sergiosachicompositor.com\/?p=715\"><em>CLIQUE AQUI E ACESSE A LETRA DO SAMBA E O V\u00cdDEO NO YOUTUBE<\/em><\/a><\/p>\n<p><img loading=\"lazy\" class=\"size-medium wp-image-711 aligncenter\" src=\"http:\/\/sergiosachicompositor.com\/wp-content\/uploads\/2018\/02\/C15-300x253.jpg\" alt=\"\" width=\"300\" height=\"253\" srcset=\"http:\/\/sergiosachicompositor.com\/wp-content\/uploads\/2018\/02\/C15-300x253.jpg 300w, http:\/\/sergiosachicompositor.com\/wp-content\/uploads\/2018\/02\/C15-768x647.jpg 768w, http:\/\/sergiosachicompositor.com\/wp-content\/uploads\/2018\/02\/C15.jpg 1024w\" sizes=\"(max-width: 300px) 100vw, 300px\" \/><\/p>\n<p style=\"text-align: center;\"><strong>&#8220;AMIGOS DE OUTRO PLANO&#8221;<\/strong><\/p>\n<p style=\"text-align: center;\">Do LP-Vinil &#8220;TUDO (esgotado)<\/p>\n<p style=\"text-align: center;\"><a href=\"http:\/\/sergiosachicompositor.com\/?p=604\" target=\"_blank\" rel=\"noopener\"><em>ACESSE A LETRA DESTA CAN\u00c7\u00c3O E ASSISTA AO V\u00cdDEO &#8211; Clique Aqui<\/em><\/a><\/p>\n<p><img loading=\"lazy\" class=\"size-medium wp-image-607 aligncenter\" src=\"http:\/\/sergiosachicompositor.com\/wp-content\/uploads\/2017\/06\/A20-300x225.jpg\" alt=\"\" width=\"300\" height=\"225\" srcset=\"http:\/\/sergiosachicompositor.com\/wp-content\/uploads\/2017\/06\/A20-300x225.jpg 300w, http:\/\/sergiosachicompositor.com\/wp-content\/uploads\/2017\/06\/A20-90x68.jpg 90w, http:\/\/sergiosachicompositor.com\/wp-content\/uploads\/2017\/06\/A20-768x576.jpg 768w, http:\/\/sergiosachicompositor.com\/wp-content\/uploads\/2017\/06\/A20.jpg 1024w\" sizes=\"(max-width: 300px) 100vw, 300px\" \/><\/p>\n<p>(<\/p>\n","protected":false},"excerpt":{"rendered":"<p>Sergio Sachi \u00e9 co-fundador do grupo musical &#8220;Bolinho de Carne com Berinjela!. Grende sucesso, esse conjunto musical marcou <a class=\"read-more\" href=\"http:\/\/sergiosachicompositor.com\/?page_id=712\">&#8230; Read more<\/a><\/p>\n","protected":false},"author":1,"featured_media":0,"parent":30,"menu_order":8,"comment_status":"closed","ping_status":"closed","template":"","meta":[],"_links":{"self":[{"href":"http:\/\/sergiosachicompositor.com\/index.php?rest_route=\/wp\/v2\/pages\/712"}],"collection":[{"href":"http:\/\/sergiosachicompositor.com\/index.php?rest_route=\/wp\/v2\/pages"}],"about":[{"href":"http:\/\/sergiosachicompositor.com\/index.php?rest_route=\/wp\/v2\/types\/page"}],"author":[{"embeddable":true,"href":"http:\/\/sergiosachicompositor.com\/index.php?rest_route=\/wp\/v2\/users\/1"}],"replies":[{"embeddable":true,"href":"http:\/\/sergiosachicompositor.com\/index.php?rest_route=%2Fwp%2Fv2%2Fcomments&post=712"}],"version-history":[{"count":12,"href":"http:\/\/sergiosachicompositor.com\/index.php?rest_route=\/wp\/v2\/pages\/712\/revisions"}],"predecessor-version":[{"id":924,"href":"http:\/\/sergiosachicompositor.com\/index.php?rest_route=\/wp\/v2\/pages\/712\/revisions\/924"}],"up":[{"embeddable":true,"href":"http:\/\/sergiosachicompositor.com\/index.php?rest_route=\/wp\/v2\/pages\/30"}],"wp:attachment":[{"href":"http:\/\/sergiosachicompositor.com\/index.php?rest_route=%2Fwp%2Fv2%2Fmedia&parent=712"}],"curies":[{"name":"wp","href":"https:\/\/api.w.org\/{rel}","templated":true}]}}