{"id":750,"date":"2018-02-28T19:25:28","date_gmt":"2018-02-28T19:25:28","guid":{"rendered":"http:\/\/sergiosachicompositor.com\/?page_id=750"},"modified":"2020-03-31T15:02:31","modified_gmt":"2020-03-31T15:02:31","slug":"pagina-4-violao-brasileiro","status":"publish","type":"page","link":"http:\/\/sergiosachicompositor.com\/?page_id=750","title":{"rendered":"*P\u00c1GINA 5 &#8211; Viol\u00e3o Brasileiro"},"content":{"rendered":"<p>A &#8220;marca&#8221; VIOL\u00c3O BRASILEIRO \u00e9 uma das maiores riquezas culturais do nosso povo. \u00c9 resultante do brilhante trabalho criativo de dezenas de grandes artistas que, ao unir nossa riqueza musical \u00e0s imensas possibilidades oferecidas por este instrumento, divulgaram o Brasil mundo afora. Dentre esses destaca-se, sem d\u00favida, o grande Heitor Villa-Lobos, um verdadeiro &#8220;divisor de \u00e1guas&#8221; quando o assunto \u00e9 M\u00fasica Brasileira e&#8230; VIOL\u00c3O. Sugerimos aqui que voc\u00ea busque conhecer a linda Obra desse compositor. E Sergio Sachi, amante do Viol\u00e3o, aventura-se tamb\u00e9m nessa linguagem. Acesse aqui algumas das pe\u00e7as para Viol\u00e3o Brasileiro do compositor:<\/p>\n<p>&#8220;<strong>CONSTELA\u00c7\u00d5ES&#8221;<\/strong> <a href=\"https:\/\/store.cdbaby.com\/Artist\/SergioSachi\">(Do \u00c1lbum &#8220;NOTURNAS CORDAS &amp;OUTROS TEMAS &#8211; CLIQUE)<\/a><\/p>\n<p><iframe loading=\"lazy\" width=\"520\" height=\"293\" src=\"https:\/\/www.youtube.com\/embed\/DHecNaf3Bbs?feature=oembed\" frameborder=\"0\" allow=\"accelerometer; autoplay; encrypted-media; gyroscope; picture-in-picture\" allowfullscreen><\/iframe><\/p>\n<p>&#8220;CONSTELA\u00c7\u00d5ES&#8221; &#8211; \u00c1udio\/V\u00eddeo Para Medita\u00e7\u00e3o<\/p>\n<p>Dura\u00e7\u00e3o: 1:06 Hs<\/p>\n<p><iframe loading=\"lazy\" width=\"520\" height=\"293\" src=\"https:\/\/www.youtube.com\/embed\/Yu9KaAOZdiw?feature=oembed\" frameborder=\"0\" allow=\"accelerometer; autoplay; encrypted-media; gyroscope; picture-in-picture\" allowfullscreen><\/iframe><\/p>\n<p>M\u00daSICA PARA MEDITA\u00c7\u00c3O: &#8220;Noturnas Cordas&#8221;<\/p>\n<p>\u00c1udio\/V\u00eddeo &#8211; Dura\u00e7\u00e3o: 1:04 Hs<\/p>\n<p><iframe loading=\"lazy\" width=\"520\" height=\"293\" src=\"https:\/\/www.youtube.com\/embed\/zTbChXAMjUw?feature=oembed\" frameborder=\"0\" allow=\"accelerometer; autoplay; encrypted-media; gyroscope; picture-in-picture\" allowfullscreen><\/iframe><\/p>\n<p>&nbsp;<\/p>\n<p><strong>&#8220;IRM\u00c3 LUA&#8221;\u00a0<\/strong><a href=\"https:\/\/store.cdbaby.com\/Artist\/SergioSachi\" target=\"_blank\" rel=\"noopener\">&#8220;Do \u00c1lbum &#8220;NOTURNAS CORDAS &amp; OUTROS TEMAS &#8211; Clique e Adquira)<\/a><\/p>\n<p><iframe loading=\"lazy\" width=\"520\" height=\"293\" src=\"https:\/\/www.youtube.com\/embed\/rrnBV0OWnSg?feature=oembed\" frameborder=\"0\" allow=\"accelerometer; autoplay; encrypted-media; gyroscope; picture-in-picture\" allowfullscreen><\/iframe><\/p>\n<p style=\"text-align: left;\"><strong>&#8220;MIR\u00cdADES&#8221;\u00a0<\/strong><a href=\"https:\/\/store.cdbaby.com\/Artist\/SergioSachi\" target=\"_blank\" rel=\"noopener\">(Do \u00c1lbum &#8220;NOTURNAS CORDAS &amp; OUTROS TEMAS&#8221; &#8211; Cliquer)<\/a><\/p>\n<p><iframe loading=\"lazy\" width=\"520\" height=\"293\" src=\"https:\/\/www.youtube.com\/embed\/Oc5dZ4q6dSE?feature=oembed\" frameborder=\"0\" allow=\"accelerometer; autoplay; encrypted-media; gyroscope; picture-in-picture\" allowfullscreen><\/iframe><\/p>\n<p style=\"text-align: left;\"><strong>&#8220;BAI\u00c3O NOTURNO&#8221;\u00a0<\/strong><a href=\"https:\/\/store.cdbaby.com\/Artist\/SergioSachi\" target=\"_blank\" rel=\"noopener\">&#8220;Do \u00c1lbum &#8220;NOTURNAS CORDAS &amp; OUTROS TEMAS&#8221; &#8211; Cliquer)<\/a><\/p>\n<p><iframe loading=\"lazy\" width=\"520\" height=\"293\" src=\"https:\/\/www.youtube.com\/embed\/LRCfaZLkFok?feature=oembed\" frameborder=\"0\" allow=\"accelerometer; autoplay; encrypted-media; gyroscope; picture-in-picture\" allowfullscreen><\/iframe><\/p>\n<p style=\"text-align: left;\"><strong>&#8220;BO\u00caMIA BOSSA&#8221;\u00a0<\/strong><a href=\"https:\/\/store.cdbaby.com\/cd\/sergiosachi2\" target=\"_blank\" rel=\"noopener\">(Do \u00c1lbum Digital &#8220;Noturnas Cordas &amp; Outros Temas&#8221; &#8211; Clique Aqu\u00ed<\/a>)<\/p>\n<p><iframe loading=\"lazy\" width=\"520\" height=\"293\" src=\"https:\/\/www.youtube.com\/embed\/2o0KN13bI9E?feature=oembed\" frameborder=\"0\" allow=\"accelerometer; autoplay; encrypted-media; gyroscope; picture-in-picture\" allowfullscreen><\/iframe><\/p>\n<p style=\"text-align: left;\"><strong>&#8220;A DAN\u00c7A DOS VAGA LUMES&#8221; (V\u00eddeo Aula)<\/strong><\/p>\n<p style=\"text-align: left;\"><a href=\"https:\/\/store.cdbaby.com\/Artist\/SergioSachi\" target=\"_blank\" rel=\"noopener\">(Do \u00c1lbum &#8220;NOTURNAS CORDAS &amp; OUTROS TEMAS&#8221; &#8211; Clique Para Ouvir\/Adquirir)<\/a><\/p>\n<p><iframe loading=\"lazy\" width=\"520\" height=\"293\" src=\"https:\/\/www.youtube.com\/embed\/AUaSSq2PtNU?feature=oembed\" frameborder=\"0\" allow=\"accelerometer; autoplay; encrypted-media; gyroscope; picture-in-picture\" allowfullscreen><\/iframe><\/p>\n<p>&nbsp;<\/p>\n","protected":false},"excerpt":{"rendered":"<p>A &#8220;marca&#8221; VIOL\u00c3O BRASILEIRO \u00e9 uma das maiores riquezas culturais do nosso povo. \u00c9 resultante do brilhante trabalho <a class=\"read-more\" href=\"http:\/\/sergiosachicompositor.com\/?page_id=750\">&#8230; Read more<\/a><\/p>\n","protected":false},"author":1,"featured_media":0,"parent":430,"menu_order":19,"comment_status":"closed","ping_status":"closed","template":"","meta":[],"_links":{"self":[{"href":"http:\/\/sergiosachicompositor.com\/index.php?rest_route=\/wp\/v2\/pages\/750"}],"collection":[{"href":"http:\/\/sergiosachicompositor.com\/index.php?rest_route=\/wp\/v2\/pages"}],"about":[{"href":"http:\/\/sergiosachicompositor.com\/index.php?rest_route=\/wp\/v2\/types\/page"}],"author":[{"embeddable":true,"href":"http:\/\/sergiosachicompositor.com\/index.php?rest_route=\/wp\/v2\/users\/1"}],"replies":[{"embeddable":true,"href":"http:\/\/sergiosachicompositor.com\/index.php?rest_route=%2Fwp%2Fv2%2Fcomments&post=750"}],"version-history":[{"count":18,"href":"http:\/\/sergiosachicompositor.com\/index.php?rest_route=\/wp\/v2\/pages\/750\/revisions"}],"predecessor-version":[{"id":1037,"href":"http:\/\/sergiosachicompositor.com\/index.php?rest_route=\/wp\/v2\/pages\/750\/revisions\/1037"}],"up":[{"embeddable":true,"href":"http:\/\/sergiosachicompositor.com\/index.php?rest_route=\/wp\/v2\/pages\/430"}],"wp:attachment":[{"href":"http:\/\/sergiosachicompositor.com\/index.php?rest_route=%2Fwp%2Fv2%2Fmedia&parent=750"}],"curies":[{"name":"wp","href":"https:\/\/api.w.org\/{rel}","templated":true}]}}